11761 and 38?
19
Calculate the greatest common divisor of 1128054 and 4122.
1374
Calculate the highest common factor of 51642 and 19323.
171
Calculate the highest common divisor of 1110 and 37074.
222
What is the greatest common factor of 121 and 223729?
121
Calculate the highest common factor of 188760 and 112.
8
What is the highest common divisor of 53840 and 400?
80
What is the greatest common factor of 37311 and 111?
3
What is the highest common factor of 4350 and 18966?
174
What is the highest common divisor of 204 and 3666900?
204
What is the highest common factor of 3553 and 2584?
323
Calculate the greatest common factor of 30 and 1142610.
30
Calculate the highest common divisor of 126 and 6246.
18
What is the greatest common factor of 25336192 and 14?
14
What is the greatest common divisor of 3377 and 19648?
307
Calculate the greatest common divisor of 15560 and 200.
40
What is the highest common factor of 68110 and 60270?
490
What is the greatest common divisor of 91 and 4459?
91
What is the highest common factor of 107702 and 942?
314
Calculate the highest common divisor of 51 and 467092.
17
Calculate the highest common divisor of 416 and 171977.
13
What is the highest common divisor of 393 and 1653?
3
What is the highest common divisor of 15471 and 1528?
191
Calculate the highest common divisor of 54128 and 1904.
272
What is the greatest common divisor of 12 and 1454556?
12
Calculate the highest common divisor of 1566 and 3006.
18
What is the greatest common factor of 206 and 8664566?
206
Calculate the greatest common divisor of 528 and 69872.
176
Calculate the highest common divisor of 256 and 21776.
16
Calculate the greatest common divisor of 52664 and 681.
227
Calculate the highest common divisor of 2824 and 46243.
353
What is the greatest common factor of 2674 and 118802?
382
Calculate the highest common divisor of 9100 and 19150.
50
What is the greatest common factor of 173 and 446340?
173
What is the greatest common divisor of 280 and 62090?
70
What is the highest common divisor of 749520 and 120?
120
Calculate the greatest common factor of 8342 and 946.
86
What is the highest common factor of 955 and 73153?
191
What is the highest common factor of 5031 and 873?
9
What is the highest common factor of 201585 and 604?
151
Calculate the highest common factor of 1871311 and 143.
13
Calculate the highest common factor of 138 and 8535645.
69
Calculate the highest common divisor of 99 and 6116.
11
What is the greatest common factor of 8631281 and 691?
691
What is the greatest common divisor of 88 and 66376?
8
Calculate the greatest common divisor of 5 and 9335.
5
Calculate the highest common divisor of 646 and 496774.
646
Calculate the highest common divisor of 1650 and 2265.
15
Calculate the highest common divisor of 33 and 7536683.
11
Calculate the greatest common factor of 59961 and 187.
11
What is the highest common divisor of 19142 and 1734?
34
Calculate the highest common factor of 5921872 and 176.
176
What is the greatest common divisor of 16 and 22032?
16
What is the greatest common factor of 16 and 14512?
16
What is the greatest common divisor of 7220 and 2185?
95
What is the greatest common factor of 90287 and 141?
47
Calculate the highest common factor of 5343 and 79482.
39
Calculate the highest common divisor of 123 and 2464141.
41
Calculate the greatest common divisor of 247527 and 1197.
63
What is the greatest common factor of 26 and 12805?
13
Calculate the greatest common factor of 104 and 1041464.
8
What is the highest common factor of 294 and 225162?
42
What is the greatest common divisor of 104 and 1446029?
13
What is the greatest common divisor of 243782 and 154?
154
What is the highest common divisor of 651 and 3696?
21
What is the highest common factor of 26793 and 1053?
117
What is the highest common divisor of 119635 and 10?
5
What is the greatest common factor of 89654 and 552?
46
Calculate the highest common factor of 315826 and 51.
17
Calculate the highest common divisor of 343160 and 1000.
40
Calculate the greatest common factor of 37200 and 3534.
186
What is the greatest common divisor of 60 and 308235?
15
Calculate the highest common factor of 294 and 454636.
14
Calculate the greatest common factor of 768 and 2678272.
256
What is the greatest common divisor of 435696 and 12528?
1392
Calculate the highest common divisor of 16544 and 1375.
11
What is the greatest common divisor of 44 and 684904?
44
Calculate the greatest common factor of 610 and 1340.
10
Calculate the highest common divisor of 448 and 203.
7
Calculate the greatest common factor of 528 and 18582.
6
What is the highest common factor of 5644 and 1343?
17
What is the greatest common divisor of 170989 and 91?
91
What is the highest common factor of 30748 and 4?
4
Calculate the greatest common divisor of 1386 and 4536.
126
What is the greatest common divisor of 920 and 8375?
5
What is the greatest common divisor of 3088446 and 6?
6
Calculate the greatest common divisor of 204 and 53346.
102
What is the greatest common factor of 412284 and 1224?
204
Calculate the highest common divisor of 56888 and 24.
8
Calculate the greatest common divisor of 1377 and 28764.
153
Calculate the greatest common divisor of 63324 and 36.
36
Calculate the highest common divisor of 32 and 69694.
2
Calculate the greatest common divisor of 432 and 1200.
48
What is the highest common divisor of 141171 and 3?
3
Calculate the greatest common factor of 37 and 377141.
37
What is the highest common divisor of 105812 and 56?
28
Calculate the highest common factor of 34780 and 259.
37
Calculate the greatest common divisor of 85 and 2465.
85
Calculate the highest common factor of 1578 and 1987228.
526
What is the greatest common factor of 664227 and 18?
9
Calculate the greatest common factor of 239734 and 561.
187
What is the greatest common divisor of 938 and 98?
14
Calculate the highest common factor of 22 and 22314.
2
What is the greatest common divisor of 196350 and 72996?
462
What is the greatest common divisor of 9374 and 430?
86
What is the highest common factor of 6975 and 47275?
775
Calculate the greatest common divisor of 30 and 44475.
15
What is the highest common factor of 29080 and 8?
8
Calculate the highest common factor of 84 and 156.
12
What is the greatest common divisor of 2775 and 4329?
111
What is the highest common factor of 3625 and 58?
29
Calculate the greatest common factor of 6138 and 22.
22
Calculate the highest common divisor of 88 and 19904.
8
What is the greatest common divisor of 45155 and 55?
55
What is the highest common divisor of 1281 and 2163?
21
Calculate the highest common divisor of 572 and 458536.
52
What is the highest common factor of 11982548 and 268?
268
Calculate the greatest common factor of 600 and 906.
6
Calculate the highest common factor of 63 and 752832.
9
Calculate the greatest common factor of 15947 and 134041.
431
Calculate the greatest common factor of 105 and 120.
15
Calculate the greatest common factor of 4838 and 6.
2
Calculate the highest common factor of 547 and 668981.
547
Calculate the highest common divisor of 156120 and 2040.
120
Calculate the greatest common factor of 123 and 35670.
123
What is the greatest common factor of 102 and 79944?
6
What is the highest common divisor of 34932 and 820?
164
Calculate the highest common divisor of 23958 and 12978.
18
Calculate the greatest common factor of 19188 and 24804.
468
What is the highest common factor of 8576 and 3618?
134
Calculate the greatest common factor of 182 and 105014.
182
What is the highest common divisor of 916904 and 40?
8
Calculate the greatest common factor of 6705 and 855.
45
What is the greatest common factor of 5 and 844735?
5
What is the highest common factor of 18811 and 3757?
13
What is the highest common factor of 12845 and 21?
7
Calculate the greatest common divisor of 979487 and 393.
131
Calculate the highest common divisor of 11288 and 25704.
136
What is the greatest common divisor of 22257 and 702?
9
What is the greatest common divisor of 14487 and 151016?
439
Calculate the greatest common divisor of 306 and 271541.
17
What is the greatest common divisor of 24525 and 4360?
545
Calculate the greatest common factor of 95310 and 594.
54
Calcu